nits digit of 1805?
5
What is the units digit of 39466?
6
What is the tens digit of 4058?
5
What is the tens digit of 3618?
1
What is the units digit of 428?
8
What is the units digit of 2244?
4
What is the units digit of 61435?
5
What is the units digit of 10728?
8
What is the tens digit of 21304?
0
What is the tens digit of 1918?
1
What is the units digit of 2386?
6
What is the tens digit of 907?
0
What is the thousands digit of 1922?
1
What is the hundreds digit of 2674?
6
What is the hundreds digit of 4379?
3
What is the thousands digit of 40676?
0
What is the thousands digit of 53067?
3
What is the units digit of 23099?
9
What is the tens digit of 5303?
0
What is the tens digit of 1425?
2
What is the tens digit of 5513?
1
What is the hundreds digit of 454?
4
What is the hundreds digit of 28637?
6
What is the tens digit of 3237?
3
What is the thousands digit of 45690?
5
What is the hundreds digit of 699?
6
What is the units digit of 14743?
3
What is the thousands digit of 54022?
4
What is the thousands digit of 1391?
1
What is the thousands digit of 7999?
7
What is the thousands digit of 31235?
1
What is the tens digit of 428?
2
What is the thousands digit of 1171?
1
What is the hundreds digit of 12613?
6
What is the hundreds digit of 782?
7
What is the thousands digit of 1275?
1
What is the ten thousands digit of 14959?
1
What is the thousands digit of 38255?
8
What is the tens digit of 2494?
9
What is the thousands digit of 16052?
6
What is the units digit of 7279?
9
What is the hundreds digit of 1011?
0
What is the ten thousands digit of 23618?
2
What is the hundreds digit of 7230?
2
What is the ten thousands digit of 22371?
2
What is the units digit of 219?
9
What is the ten thousands digit of 12785?
1
What is the hundreds digit of 538?
5
What is the hundreds digit of 16660?
6
What is the tens digit of 150048?
4
What is the units digit of 7441?
1
What is the thousands digit of 7095?
7
What is the units digit of 3482?
2
What is the units digit of 5209?
9
What is the units digit of 7289?
9
What is the units digit of 332?
2
What is the thousands digit of 3030?
3
What is the hundreds digit of 688?
6
What is the tens digit of 2903?
0
What is the tens digit of 13019?
1
What is the thousands digit of 33080?
3
What is the hundreds digit of 5075?
0
What is the tens digit of 2170?
7
What is the hundreds digit of 1085?
0
What is the units digit of 10200?
0
What is the units digit of 3134?
4
What is the tens digit of 17230?
3
What is the units digit of 161?
1
What is the hundreds digit of 19355?
3
What is the thousands digit of 1844?
1
What is the tens digit of 514?
1
What is the tens digit of 2413?
1
What is the hundreds digit of 530?
5
What is the ten thousands digit of 12147?
1
What is the thousands digit of 21952?
1
What is the units digit of 987?
7
What is the thousands digit of 3090?
3
What is the ten thousands digit of 10757?
1
What is the units digit of 10847?
7
What is the units digit of 10198?
8
What is the hundreds digit of 16639?
6
What is the units digit of 55627?
7
What is the units digit of 378?
8
What is the ten thousands digit of 62132?
6
What is the thousands digit of 2512?
2
What is the hundreds digit of 39136?
1
What is the hundreds digit of 2874?
8
What is the units digit of 3037?
7
What is the units digit of 1913?
3
What is the tens digit of 117?
1
What is the units digit of 1721?
1
What is the ten thousands digit of 26439?
2
What is the thousands digit of 62973?
2
What is the hundreds digit of 5290?
2
What is the thousands digit of 46389?
6
What is the thousands digit of 1502?
1
What is the hundreds digit of 3315?
3
What is the hundreds digit of 21094?
0
What is the units digit of 5764?
4
What is the tens digit of 9874?
7
What is the hundreds digit of 122?
1
What is the tens digit of 62070?
7
What is the hundreds digit of 1673?
6
What is the tens digit of 32156?
5
What is the tens digit of 5584?
8
What is the units digit of 4516?
6
What is the thousands digit of 52443?
2
What is the hundreds digit of 313?
3
What is the hundreds digit of 569?
5
What is the hundreds digit of 6310?
3
What is the ten thousands digit of 68124?
6
What is the tens digit of 14225?
2
What is the units digit of 17269?
9
What is the tens digit of 6460?
6
What is the thousands digit of 2738?
2
What is the hundreds digit of 3929?
9
What is the hundreds digit of 14602?
6
What is the hundreds digit of 268?
2
What is the thousands digit of 32345?
2
What is the hundreds digit of 33342?
3
What is the units digit of 85414?
4
What is the tens digit of 2092?
9
What is the ten thousands digit of 106571?
0
What is the units digit of 133?
3
What is the tens digit of 6502?
0
What is the units digit of 2872?
2
What is the hundreds digit of 1599?
5
What is the units digit of 3298?
8
What is the units digit of 355?
5
What is the tens digit of 1602?
0
What is the hundreds digit of 22667?
6
What is the units digit of 16354?
4
What is the thousands digit of 2841?
2
What is the units digit of 1698?
8
What is the tens digit of 12986?
8
What is the hundreds digit of 448?
4
What is the tens digit of 2669?
6
What is the hundreds digit of 1759?
7
What is the units digit of 2818?
8
What is the thousands digit of 1830?
1
What is the ten thousands digit of 121234?
2
What is the tens digit of 1516?
1
What is the tens digit of 996?
9
What is the units digit of 2109?
9
What is the units digit of 1834?
4
What is the tens digit of 4910?
1
What is the tens digit of 5817?
1
What is the tens digit of 3130?
3
What is the thousands digit of 57794?
7
What is the hundreds digit of 16591?
5
What is the ten thousands digit of 52025?
5
What is the units digit of 38676?
6
What is the hundreds digit of 1040?
0
What is the units digit of 18930?
0
What is the ten thousands digit of 91700?
9
What is the tens digit of 12080?
8
What is the hundreds digit of 32192?
1
What is the hundreds digit of 912?
9
What is the ten thousands digit of 41522?
4
What is the tens digit of 2867?
6
What is the tens digit of 1646?
4
What is the units digit of 43771?
1
What is the thousands digit of 13226?
3
What is the units digit of 54919?
9
What is the units digit of 117406?
6
What is the tens digit of 6901?
0
What is the units digit of 31204?
4
What is the ten thousands digit of 67669?
6
What is the thousands digit of 3248?
3
What is the units digit of 4920?
0
What is the units digit of 254?
4
What is the thousands digit of 3651?
3
What is the units digit of 6134?
4
What is the hundreds digit of 963?
9
What is the tens digit of 59?
5
What is the thousands digit of 43927?
3
What is the units digit of 995?
5
What is the tens digit of 309?
0
What is the tens digit of 1139?
3
What is the units digit of 32938?
8
What is the ten thousands digit of 50441?
5
What is the thousands digit of 4320?
4
What is the hundreds digit of 9183?
1
What is the hundreds digit of 34060?
0
What is the ten thousands digit of 133186?
3
What is the hundreds digit of 38072?
0
What is the hundreds digit of 11773?
7
What is the units digit of 61165?
5
What is the units digit of 7919?
9
What is the units digit of 745?
5
What is the tens digit of 183877?
7
What is the units digit of 1840?
0
What is the hundreds digit of 5887?
8
What is the hundreds digit of 40896?
8
What is the hundreds digit of 9679?
6
What is the thousands digit of 9162?
9
What is the hundreds digit of 138589?
5
What is the thousands digit of 1516?
1
What is the units digit of 51?
1
What is the hundreds digit of 68188?
1
What is the units digit of 446?
6
What is the thousands digit of 3928?
3
What is the tens digit of 287?
8
What is the tens digit of 5927?
2
What is the hundreds digit of 378?
3
What is the hundreds digit of 11679?
6
What is the hundreds digit of 684?
6
What is the tens digit of 1124?
2
What is the tens digit of 2683?
8
What is the hundreds digit of 141?
1
What is the thousands digit of 110946?
0
What is the units digit of 55938?
8
What is the thousands digit of 83216?
3
What is the tens digit of 724?
2
What is the tens digit of 169466?
6
What is the tens digit of 4445?
4
What is the units digit of 58352?
2
What is the ten thousands digit of 69619?
6
What is the units digit of 8286?
6
What is the thousands digit of 2336?
2
What is the tens digit of 34943?
4
What i